er when w is divided by 5.
2
What is the remainder when 109 is divided by (-585)/(-20) - 42/(-24)?
16
Let y(a) = -a**3 + 5*a**2 + 4*a + 14. Let g be y(6). Suppose -11 = -3*c + g*c. What is the remainder when 30 is divided by c?
8
Suppose -2*r = 3*d - 5, 5*d + 26 = -r + 18. Suppose 4*s - 70 = -2*v, 0*s - 3*v + 29 = 2*s. Calculate the remainder when s is divided by r.
5
Suppose 5*z - 825 = -i, 4*i + 3 - 168 = -z. Suppose 0 = 3*q + 38 - 122. Calculate the remainder when z is divided by q.
25
Suppose -2*m - 107 = -3*m. Let f = m - 44. Calculate the remainder when f + -5 + 0 + 1 is divided by 12.
11
Let b(s) = -s + 6. Let y be b(4). Suppose 6*q - q = -y*v + 85, -5*v + 2*q + 140 = 0. What is the remainder when 59 is divided by v?
29
Let t = 7 - 4. Let z(q) = -17*q - 36. Let f(c) = 11*c + 24. Let y(l) = 7*f(l) + 5*z(l). What is the remainder when y(-2) is divided by t?
1
Let z be 100/(-6)*18/(-12). Suppose -z = 5*n, n = -3*p + 2*n + 62. Suppose -5*r + 6 = 2*o - p, -5*o = -5*r + 60. What is the remainder when r is divided by 4?
3
Let n(g) = 3*g**2 + 44*g - 30. What is the remainder when n(-18) is divided by 19?
17
Suppose 8*v = -15 + 39. Let m(n) = 2*n + 19. What is the remainder when m(-8) is divided by v?
0
Suppose 903 = 13*p - 735. What is the remainder when p is divided by 16?
14
Let m = -667 + 833. Calculate the remainder when m is divided by 19.
14
Let u(g) = 3*g - 65. Calculate the remainder when u(22) is divided by 1.
0
Let m(j) = -2*j + 13. Let w be m(2). What is the remainder when 42 is divided by 6/4*w/(162/192)?
10
Let a(f) = 5*f - 1. Let b be a(5). Suppose -7*q + q = -b. What is the remainder when 13 is divided by q?
1
Let w(r) be the second derivative of r**5/20 + r**3/3 + r**2/2 + 12*r. What is the remainder when w(2) is divided by 8?
5
Suppose -2*s - 4*b = 0, -3*s = -4*s + b - 6. What is the remainder when 17 is divided by (-7)/(-1) + (-8)/s?
8
Let n = -1487 + 1511. Let u be 2/8 - (-110)/8. Let k = u - 1. Calculate the remainder when n is divided by k.
11
Suppose 2*k = 4 + 14. Calculate the remainder when (1*-33)/(12/(-12)) is divided by k.
6
Suppose 16*n = 583 + 377. What is the remainder when 594 is divided by n?
54
Let f = -208 + 264. Calculate the remainder when 222 is divided by f.
54
Suppose 0 = 9*f - 3*f - 690. Let s = f - 82. What is the remainder when 65 is divided by s?
32
Let m = -2186 + 2732. What is the remainder when m is divided by 61?
58
Let d(k) = k**3 - 2*k**2 - k - 3. Suppose -15 = -5*p - 0. Calculate the remainder when 9 is divided by d(p).
0
Let o(b) = -3 + 2 - 4*b - 5. What is the remainder when (-322)/(-6) + 2/(-3) is divided by o(-5)?
11
Let f(h) = -h**3 + 3*h**2 + 17*h + 13. What is the remainder when 27 is divided by f(6)?
6
Let i = -25 + 35. Let w be 36/i + (-4)/(-10). Suppose 0 = -m + w*m - 132. What is the remainder when m is divided by 12?
8
Let f = -265 - -173. Let l be ((-5)/20)/(1/f). Suppose -42 = -5*y + l. Calculate the remainder when 37 is divided by y.
11
Suppose -6 = 3*a, -2*g = 2*a + 28 + 8. Let f = g - -19. Suppose 5*s = 4*v - 100, v + 4*s = f + 1. Calculate the remainder when v is divided by 8.
4
Suppose -f + f = -f. Suppose f = 15*a - 14*a - 97. Calculate the remainder when a is divided by 20.
17
Suppose -j = 2*c - 38, 4*c - 50 = 2*c - 4*j. Let a = -447 + 451. Calculate the remainder when c is divided by a.
1
Let o = 674 + -973. Let c = o + 428. Calculate the remainder when c is divided by 45.
39
Suppose -10*t = -16*t + 348. Let s = 33 - 19. Let o = 6 + s. What is the remainder when t is divided by o?
18
Let g be ((-6)/16)/((-1)/8). What is the remainder when 1/g + 406/6 is divided by 23?
22
Let n = -30 - -42. Suppose 9*s - 8*s = n. Let r = s - -6. What is the remainder when 52 is divided by r?
16
What is the remainder when 8 is divided by ((-1)/2)/((-1)/(-28)*-2)?
1
Suppose 0 = -24*n + 19*n + 25. Let t(y) = y. Let z(i) = -i**2 + 5. Let r(l) = -2*t(l) - z(l). What is the remainder when 49 is divided by r(n)?
9
Let i = -19 + 34. Let s = 9 + -1. Calculate the remainder when i is divided by s.
7
Let b = 59 - 66. Calculate the remainder when 19 is divided by -2*b/((-70)/(-25)).
4
Suppose 2*o = -5*y + 28, 0 = -14*o + 19*o + 3*y - 51. What is the remainder when 87 is divided by o?
6
Suppose -8*y = -4*m - 5*y + 185, -2*m + 76 = 4*y. Suppose 0 = 2*f - m + 40. Calculate the remainder when 21 is divided by f.
1
Suppose -4*w + 45 = w. Let s be (-2 - (-2 + -1))*13. Suppose -5*l - s = -93. Calculate the remainder when l is divided by w.
7
Let n = 49 - 131. Let d = n - -117. What is the remainder when d is divided by 18/(1/(2/3))?
11
Suppose -3*k = 4*q - 59, 6*q - 64 = -3*k + q. Suppose 0 = 5*w - 4*w - k. Calculate the remainder when (-712)/(-20) + 2/5 is divided by w.
10
Let j(y) = y**2 - 11*y - 11. Let f be j(12). Suppose 5*w - 36 = -f. What is the remainder when 41 is divided by w?
6
Suppose 2*h = 3*y + 13, 18 = -3*h + 5*y + 39. Suppose x - h = -0*x. Suppose x*t - 36 = -10. Calculate the remainder when 36 is divided by t.
10
Let o(u) = 30*u**3 + 12*u - 13. Let l(z) = -z**2 + 2*z + 16. Let c be l(-3). What is the remainder when 86 is divided by o(c)?
28
Suppose 53*u - 49*u - 19 = q, 3*q - 33 = -6*u. Suppose -2*w + 2 = -4*v, v + 4*w - 10 = 3. Calculate the remainder when u is divided by (v*-2 - -3) + 2.
2
Suppose -24 = -9*o + 7*o. What is the remainder when 141 is divided by o?
9
Let t = 0 - 0. Suppose -39 = -x - 2*c - t*c, -5*x - 2*c = -155. Calculate the remainder when x is divided by 16.
13
Suppose 32 = -5*t + t. What is the remainder when (4*-16)/(-3 + 2) is divided by 9/(36/t) + 24?
20
What is the remainder when 108/(-42)*(-6 - (-188)/(-6)) is divided by 32?
0
Suppose -95 = -v - 93. What is the remainder when 7 is divided by v?
1
Let i = -1408 + 1458. Calculate the remainder when 99 is divided by i.
49
Let s = -33 + 39. Let k = 43 - s. What is the remainder when k is divided by 8?
5
Let t = 633 + -611. What is the remainder when 40 is divided by t?
18
Let y be (-440)/(-28) + 6/21. Let w be y/(-16)*1*-2. What is the remainder when 92 - (3 - w/2) is divided by 23?
21
Suppose 16 = 3*s - 35. Let y = -49 - -33. What is the remainder when s is divided by ((-40)/(-14))/(y/(-7) + -2)?
7
Let i be (28/(-21))/(8/(-18)). Suppose 188 - 56 = i*x. Calculate the remainder when x is divided by 31.
13
Let p = -394 + 488. Calculate the remainder when p is divided by 19.
18
Suppose -619 = 9*y - 1564. What is the remainder when y is divided by 36?
33
Suppose -93 = -3*j + r, -121 - 17 = -5*j - 4*r. What is the remainder when j is divided by ((-84)/63)/(((-10)/(-12))/(-5))?
6
Let f = 42 - 38. Suppose -5*j = -5*g - 45, -3*j + f*g = -4*j + 4. Let v(u) = -4*u + 3. Calculate the remainder when v(-3) is divided by j.
7
Let v be -2 - (2/1 - 4). Suppose 4*s - 4*i + 4 = v, s + 2*s = 5*i - 3. Let x = s + 21. What is the remainder when x is divided by 6?
2
Let s = 914 - 894. Calculate the remainder when 1058 is divided by s.
18
Suppose 0 = 5*q + 5*o - 80, 8*q + o - 72 = 3*q. What is the remainder when 25 is divided by q?
11
Suppose 43 = 2*c + 85. What is the remainder when 180 is divided by 3/((-19)/42 + (-14)/c)?
12
Let n(h) = 31*h**2 - 3*h - 6. What is the remainder when n(3) is divided by 67?
63
Suppose 16*g - 18537 + 4169 = 0. What is the remainder when g is divided by 53?
50
Let t = -8 - -50. Suppose 2*n = -4*d - 50, -3*n = -3*d - 0 - t. Let s = -8 - d. What is the remainder when s is divided by 3?
2
Let s(j) = 11*j + 24. Let b(f) = -5*f - 12. Let x(u) = 13*b(u) + 6*s(u). Let w be (1 - 19)/((-5)/5). Calculate the remainder when x(w) is divided by 2.
0
Let y(u) = -3*u - 18. Let l be y(-7). Suppose 0 = 6*d - l*d - 99. Calculate the remainder when 195 is divided by d.
30
Let l = -146 - -251. What is the remainder when 206 is divided by (-2 + (-12)/(-5))*(l - 0)?
38
Suppose -z = 2*z - 27. Let q = z + 26. Calculate the remainder when q is divided by ((-2)/6)/(1/(-57)).
16
Let l(u) = 7*u**2 + 46*u + 27. Calculate the remainder when 172 is divided by l(-7).
28
Suppose -2*n - 3*a = -7 - 16, -n + a + 19 = 0. Let t(g) = -2*g + 28. Calculate the remainder when t(-9) is divided by n.
14
Let l be 0/(-4) + -2 - (-240)/5. Let d = -94 - -60. Let p = l + d. Calculate the remainder when p is divided by 5.
2
Let h = 79 - 48. Let v = 12 + -5. L